r when (-24)/(-4)*9/2 is divided by k.
7
Calculate the remainder when (3 - (-542)/10) + 24/30 is divided by 15.
13
Let p(y) = 2*y**3 - 2*y**2 - 5*y + 6. Calculate the remainder when 161 is divided by p(3).
26
Let s = -6 + -38. Let o = s - -101. Calculate the remainder when o is divided by 12.
9
Let t(c) = 5*c - 4. Suppose -y + 2*y - 3 = 0. What is the remainder when t(3) is divided by y?
2
Suppose j = 30 + 26. Suppose -22 = -b - 2*d, 2*d + 2*d = -3*b + j. Let h(w) = 4*w + 3. What is the remainder when h(5) is divided by b?
11
Suppose 0*w - 84 = -4*w. Calculate the remainder when 40 is divided by w.
19
Suppose -3*r + 28 = 7. Suppose 11 = 5*w - 14. Suppose -2*o + w*g - g + 18 = 0, 0 = -2*o + 3*g + 15. What is the remainder when r is divided by o?
1
Let n be 0/10 + (-12)/(-2). Calculate the remainder when (-728)/(-36) + n/(-27) is divided by 7.
6
Suppose 0 = 2*h + 2*y - 62, -4*h + 2*y + 103 + 3 = 0. What is the remainder when 111 is divided by h?
27
Suppose -10 = -2*v - 3*v. Let b(d) = -4*d**2 + 2*d + 1. Let w be b(v). Let p = w - -35. What is the remainder when p is divided by 13?
11
Let w(x) = 6*x**2 - x. Calculate the remainder when -2 + 24 - 12/(-4) is divided by w(-1).
4
Let l = -44 + 27. Let v = 11 - l. Calculate the remainder when v is divided by 12 - 3*4/6.
8
Let c = -3 + 3. Suppose c = 3*p - 7 + 16. Calculate the remainder when 37 is divided by 13/p*(-3)/1.
11
Let k(q) = 4*q + 1. Let j be 0 - -1 - (3 - 3). Let x(v) = 3*v - 34. What is the remainder when x(14) is divided by k(j)?
3
Let l(o) = -5 - 3*o + 1 + 2*o**2 - o**3 + 2*o**3. Let u be l(-3). Calculate the remainder when (-78)/u - (-4)/(-8) is divided by 10.
9
Let i = 92 + -66. What is the remainder when i is divided by 7?
5
Let u = 6 - 4. Suppose u*l = 5*l - 123. Calculate the remainder when l is divided by 21.
20
Suppose 2*w - w = 5*c - 12, 0 = -4*c + 3*w + 14. Calculate the remainder when 8 is divided by c.
0
Let d(f) = 9*f**2 + 4*f - 2. Calculate the remainder when d(3) is divided by 31.
29
Let y = 378 - 244. Calculate the remainder when y is divided by 27.
26
Let z be 3*(-1*2 - -3). Suppose -5*g = 3*n + 15, 0 = -z*g - 2*g - n - 25. Calculate the remainder when 22 is divided by 4 + 1*-2 - g.
6
Suppose -20*v + 118 = -19*v. Calculate the remainder when v is divided by 24.
22
Suppose -c = 4, 2*c + 0*c + 25 = u. Let z = -3 - -5. Calculate the remainder when u is divided by (9/z)/((-2)/(-4)).
8
Suppose -2*z + 3 + 3 = 3*p, 4*z + 12 = 0. What is the remainder when -6*-2*3/6 is divided by p?
2
Let p(g) be the third derivative of g**5/60 + 7*g**4/24 - 11*g**3/6 - g**2. What is the remainder when p(-10) is divided by 10?
9
Suppose 4*t = 2*t + 12. Let m = 2 + t. What is the remainder when 39 is divided by m?
7
Let o be (-1)/2*(-3 - 3). Suppose -o*x = -7*x. Let f = x + 10. What is the remainder when 19 is divided by f?
9
Suppose 0 = q - 2*q - 1. Let n = -71 - -72. Calculate the remainder when 1 - (q - 0)*2 is divided by n.
0
Let v(l) = l**3 + 8*l**2 + 3*l + 9. Calculate the remainder when v(-7) is divided by (-1 - -2)/((-2)/(-26)).
11
Suppose 21 - 11 = 5*v. What is the remainder when 2 is divided by v?
0
Suppose -9 = -2*s + 5*k, 2*k + 27 = 3*s - 3. Let y(g) = 3*g - g + g**2 - 5 + 3. Calculate the remainder when y(-6) is divided by s.
10
Let b = -35 - -47. What is the remainder when 43 is divided by b?
7
Suppose 4*m + 7 = -1. Let s be (0 - 2)/(1/m). Suppose -s*f + 74 = -2*f - 3*w, 3*w = -f + 37. What is the remainder when f is divided by 13?
11
Suppose -2*t + 2*s + 98 = 0, 3*s - 8*s = -t + 49. Calculate the remainder when t is divided by (26/(-5))/(2/(-10)).
23
What is the remainder when (3/2)/((-135)/(-66) + -2) is divided by 12?
9
Suppose -2*o + 18 = 4*o. What is the remainder when o is divided by 2 + (-1 - 0)*-1?
0
Let d(i) = 5*i**2 - i + 1. What is the remainder when (((-90)/12)/(-5))/(2/60) is divided by d(-2)?
22
Let q = 5 + -3. Suppose 4*n = -3*l - l + 12, -19 = -5*n - l. Suppose p - 27 = -5*m, -3*p + 2*p - n*m + 22 = 0. Calculate the remainder when q is divided by p.
0
Let d = 82 + -27. Calculate the remainder when d is divided by 14.
13
Suppose 31 - 1 = 5*j. Let y be (-58)/(-1)*2/4. Let u = y - j. What is the remainder when 68 is divided by u?
22
Let p = 31 - 18. Suppose 5*w - 49 = -14. Calculate the remainder when p is divided by w.
6
Suppose -4*p + 3*s = -16 - 140, 0 = -5*p - 5*s + 195. Calculate the remainder when 152 is divided by p.
35
Let u be ((-2)/1)/(-2) + -3. Calculate the remainder when 14 is divided by 2 + u + -1 + 5.
2
Suppose 0 = -2*z + 3*z. Suppose -106 = -4*o - 3*g, z*o + 3*g - 31 = -o. What is the remainder when 48 is divided by o?
23
Suppose 105 - 29 = 4*h. What is the remainder when 68 is divided by h?
11
Let a(q) = q**2 - 9*q + 10. What is the remainder when 2/(-9) + (-526)/(-18) is divided by a(0)?
9
Let g be (-1110)/12 - 1/(-2). Let o = g + 145. What is the remainder when o is divided by 18?
17
Suppose 4*p - 14 = -2*v, 0 = 4*v + p + 2*p - 48. Calculate the remainder when 100 is divided by v.
10
Let s = 42 - -102. Suppose 2*w + s = 3*l, -3*w = -0*w + 9. Let c = -22 + l. What is the remainder when c is divided by 13?
11
Let l = 55 + -44. Calculate the remainder when l is divided by 2.
1
Let u = -6 - -15. What is the remainder when 43 is divided by u?
7
Let n(u) = -u**3 - 12*u**2 + 5. Let m be n(-12). Suppose m*t = 4*t + 5*r + 57, -2*t + 5*r = -109. Calculate the remainder when t is divided by 18.
16
Suppose -2*q + 56 = 5*k, -3*q - 4*k = -3*k - 97. Calculate the remainder when q is divided by 18.
15
Let b be (3 - (0 + -2))*1. Suppose -96 = -3*r + 6*o - b*o, 3*r - 111 = -4*o. Calculate the remainder when r is divided by 12.
9
Let x = -30 + 42. Suppose -2*s = -2*z + x, -2*s = -4*z + 22 - 8. Let k(o) = 6*o**2 - o + 1. Calculate the remainder when 17 is divided by k(z).
5
Let v = 16 + 42. What is the remainder when v is divided by 20?
18
Suppose -5 - 7 = w. What is the remainder when 33 is divided by (-18)/4*32/w?
9
Suppose 40 = 2*b + 2*p, 0 = 5*b + 2*p - 69 - 22. Calculate the remainder when 26 is divided by b.
9
Let a = 4 - 2. Let l(h) = -h**2 - 10*h - 9. Let t be l(-8). Let n(u) = u**2 - 8*u + 9. Calculate the remainder when a is divided by n(t).
0
Let i(t) be the second derivative of -t**3/2 - 5*t**2 - 7*t. Calculate the remainder when i(-5) is divided by 3.
2
Let l = -9 - -12. Calculate the remainder when 11 is divided by l.
2
Let v(o) = -o. Let r be v(0). Suppose r = -5*w + 260 + 55. Let m = w + -37. What is the remainder when m is divided by 14?
12
Suppose 3*u - 8*u + 95 = 5*y, 59 = 3*y + u. Calculate the remainder when -1 + (-162)/(-2) + -3 is divided by y.
17
Let d(c) = 52*c - 1. Let y be d(1). Suppose -5*a = -69 - y. Let x = a - 9. Calculate the remainder when 29 is divided by x.
14
Suppose -4*t - 5*q + 184 = -t, -5*q = 2*t - 131. Let z(i) = 2*i**3 + i. Let c(s) = -2*s - 2. Let m be c(-2). Calculate the remainder when t is divided by z(m).
17
Let o(j) = 28*j - 7. Let d(n) = 42*n - 11. Let w(y) = -5*d(y) + 8*o(y). Suppose -4*l - l + 15 = 0. What is the remainder when w(l) is divided by 21?
20
Let a(n) = n**2 + 7*n + 13. What is the remainder when a(-8) is divided by 12?
9
Suppose 2*a + 3 = 3*a. Suppose p = -a*p + 12. Suppose r - 45 = -6*i + i, 3*i = 5*r + 55. Calculate the remainder when i is divided by p.
1
Suppose -224 = -8*w + w. Calculate the remainder when w is divided by 12.
8
Let u(w) = -w**2 + 7*w + 1. Calculate the remainder when (69/115)/((-1)/5) - -40 is divided by u(4).
11
Calculate the remainder when 155 is divided by 24 - (0 - 4/2).
25
Suppose 12*u - 197 = 31. What is the remainder when 207 is divided by u?
17
Let l(v) = 26*v - 93. Calculate the remainder when 37 is divided by l(4).
4
Suppose 4*c - 3*c - 2 = 0. Suppose c*i - 5 = i. Calculate the remainder when 14 is divided by i.
4
Suppose -3*q - 70 = -5*q. Calculate the remainder when q is divided by 18.
17
Let z = 71 - 51. Calculate the remainder when 57 is divided by z.
17
Let n = 53 + -42. Calculate the remainder when n is divided by 3.
2
Let p(i) = -i + 36. What is the remainder when 91 is divided by p(13)?
22
Let o(t) = -2*t**2 - 2*t. Let g be o(4). Let d be (-28)/(-35)*(-390)/4. Let r = g - d. Calculate the remainder when r is divided by 13.
12
Suppose 3*w + 4 = 1. Calculate the remain